{"id":61,"date":"2015-03-27T21:42:20","date_gmt":"2015-03-27T21:42:20","guid":{"rendered":"http:\/\/conagopares.gob.ec\/?page_id=61"},"modified":"2020-03-25T02:23:09","modified_gmt":"2020-03-25T02:23:09","slug":"lotaip","status":"publish","type":"page","link":"https:\/\/conagopares.gob.ec\/?page_id=61","title":{"rendered":"LOTAIP"},"content":{"rendered":"<h2 class=\"page-title\"><\/h2>\n<div class=\"entry clearfix\">\n<p>Ley Organica de Transparencia e Informaci\u00f3n P\u00fablica<br \/>\nArt. 7.- Difusi\u00f3n de la Informaci\u00f3n P\u00fablica<br \/>\nPor la transparencia en la gesti\u00f3n administrativa que est\u00e1n obligadas a observar todas las instituciones del Estado que conforman el sector p\u00fablico en los t\u00e9rminos del art\u00edculo 118 de la Constituci\u00f3n Pol\u00edtica de la Rep\u00fablica y dem\u00e1s entes se\u00f1alados en el art\u00edculo 1 de la presente Ley, difundir\u00e1n a trav\u00e9s de un portal de informaci\u00f3n o p\u00e1gina web, as\u00ed como de los medios necesarios a disposici\u00f3n del p\u00fablico, implementados en la misma instituci\u00f3n, la siguiente informaci\u00f3n m\u00ednima actualizada, que para efectos de esta Ley, se la considera de naturaleza obligatoria:<\/p>\n<p>a) Estructura org\u00e1nica funcional, base legal que la rige, regulaciones y procedimientos internos aplicables a la entidad; las metas y objetivos de las unidades administrativas de conformidad con sus programas operativos;<\/p>\n<p><a title=\"Estructura Organica\" href=\"http:\/\/gadsweb.com\/conagopares\/?page_id=17\">Estructura org\u00e1nica funcional<\/a><\/p>\n<p>b) El directorio completo de la instituci\u00f3n, as\u00ed como su distributivo de personal;<\/p>\n<p><a href=\"http:\/\/conagopares.gob.ec\/wp-content\/uploads\/2019\/06\/LISTADO-PRESIDENTE-PROVINCIA.pdf\">Directorio Telef\u00f3nico<\/a><\/p>\n<p>c) La remuneraci\u00f3n mensual por puesto y todo ingreso adicional, incluso el sistema de compensaci\u00f3n, seg\u00fan lo establezcan las disposiciones correspondientes;<\/p>\n<p>Tabla de remuneraciones<br \/>\nRemuneraci\u00f3n mensual por puesto y distributivo<\/p>\n<p>d) Los servicios que ofrece y las formas de acceder a ellos, horarios de atenci\u00f3n y dem\u00e1s indicaciones necesarias, para que la ciudadan\u00eda pueda ejercer sus derechos y cumplir sus obligaciones;<\/p>\n<p>Horario de atenci\u00f3n al p\u00fablico en CONAGOPARE<\/p>\n<p>e) Texto \u00edntegro de todos los contratos colectivos vigentes en la instituci\u00f3n, as\u00ed como sus anexos y reformas;<\/p>\n<p>\u2013<\/p>\n<p>f) Se publicar\u00e1n los formularios o formatos de solicitudes que se requieran para los tr\u00e1mites inherentes a su campo de acci\u00f3n;<\/p>\n<p>No Aplica<\/p>\n<p>g) Informaci\u00f3n total sobre el presupuesto anual que administra la instituci\u00f3n, especificando ingresos, gastos, financiamiento y resultados operativos de conformidad con los clasificadores presupuestales, as\u00ed como liquidaci\u00f3n del presupuesto, especificando destinatarios de la entrega de recursos p\u00fablicos;<\/p>\n<p><a title=\"Estado de Ejecusion Presupuestaria\" href=\"http:\/\/fingads.com\/sistema\/fingadmin\/files\/reposweb\/eep_conagupare_suc.html\">Estado de Ejecuci\u00f3n Presupuestar\u00eda.<\/a><\/p>\n<p>h) Los resultados de las auditor\u00edas internas y gubernamentales al ejercicio presupuestal;<\/p>\n<p>\u2013<\/p>\n<p>i) Informaci\u00f3n completa y detallada sobre los procesos precontractuales, contractuales, de adjudicaci\u00f3n y liquidaci\u00f3n, de las contrataciones de obras, adquisici\u00f3n de bienes, prestaci\u00f3n de servicios, arrendamientos mercantiles, etc., celebrados por la instituci\u00f3n con personas naturales o jur\u00eddicas, incluidos concesiones, permisos o autorizaciones;<\/p>\n<p>j) Un listado de las empresas y personas que han incumplido contratos con dicha instituci\u00f3n;<\/p>\n<p>La ley Org\u00e1nica del Sistema Nacional de Contrataci\u00f3n P\u00fablica, en su Art. 98, T\u00edtulo IV De los contratos, Cap\u00edtulo X De los Registros de los Contratos y los Proveedores, establece: \u201c\u2026 Registro de Incumplimientos.- Las entidades remitir\u00e1n obligatoriamente al Instituto Nacional de Contrataci\u00f3n P\u00fablica la n\u00f3mina de todos aquellos contratistas o proveedores que hubieren incumplido sus obligaciones contractuales o se hubieren negado a suscribir contratos adjudicados, acompa\u00f1ando los documentos probatorios correspondientes, a fin que sean suspendidos en el RUP por cinco y tres a\u00f1os, respectivamente. En consecuencia, la actualizaci\u00f3n del registro ser\u00e1 responsabilidad del Instituto Nacional de Contrataci\u00f3n P\u00fablica.::\u201d<\/p>\n<p>Con la finalidad de dar cabal cumplimiento con lo estipulado en este literal, las personas podr\u00e1n ingresar libremente al portal del Instituto Nacional de Compras P\u00fablicas ( INCOP) , con la finalidad de obtener informaci\u00f3n fidedigna respecto de los contratistas incumplidos.<\/p>\n<p>\u2013<\/p>\n<p>k) Planes y programas de la instituci\u00f3n en ejecuci\u00f3n;<\/p>\n<p>l) El detalle de los contratos de cr\u00e9dito externos o internos; se se\u00f1alar\u00e1 la fuente de los fondos con los que se pagar\u00e1n esos cr\u00e9ditos. Cuando se trate de pr\u00e9stamos o contratos de financiamiento, se har\u00e1 constar, como lo prev\u00e9 la Ley Org\u00e1nica de Administraci\u00f3n Financiera y Control, Ley Org\u00e1nica de la Contralor\u00eda General del Estado y la Ley Org\u00e1nica de Responsabilidad y Transparencia Fiscal, las operaciones y contratos de cr\u00e9dito, los montos, plazo, costos financieros o tipos de inter\u00e9s;<\/p>\n<p>m) Mecanismos de rendici\u00f3n de cuentas a la ciudadan\u00eda, tales como metas e informes de gesti\u00f3n e indicadores de desempe\u00f1o;<\/p>\n<p>De conformidad con lo que establece el Art. 50 del C\u00f3digo Org\u00e1nico de Organizaci\u00f3n Territorial, Autonom\u00edas y Descentralizaci\u00f3n ( COOTAD), en su literal u) \u201c\u2026Presentar al consejo y a la ciudadan\u00eda en general un informe anual escrito, para su evaluaci\u00f3n a trav\u00e9s del sistema de rendici\u00f3n de cuentas y control social, acerca de la gesti\u00f3n administrativa realizada, destacando el estado de los servicios y las dem\u00e1s obras p\u00fablicas realizadas en el a\u00f1o anterior, los procedimiento empleados en su ejecuci\u00f3n los costos unitarios y totales y la forma como se hubieren cumplido los planes y programas aprobados por el consejo\u2026\u201d<\/p>\n<p>\u2013<\/p>\n<p>n) Los vi\u00e1ticos, informes de trabajo y justificativos de movilizaci\u00f3n nacional o internacional de las autoridades, dignatarios y funcionarios p\u00fablicos;<\/p>\n<p>o) El nombre, direcci\u00f3n de la oficina, apartado postal y direcci\u00f3n electr\u00f3nica del responsable de atender la informaci\u00f3n p\u00fablica de que trata esta Ley;<\/p>\n<p>p) La Funci\u00f3n Judicial y el Tribunal Constitucional, adicionalmente, publicar\u00e1n el texto \u00edntegro de las sentencias ejecutoriadas, producidas en todas sus jurisdicciones;<\/p>\n<p>No aplica<\/p>\n<p>q) Los organismos de control del Estado, adicionalmente, publicar\u00e1n el texto \u00edntegro de las resoluciones ejecutoriadas, as\u00ed como sus informes, producidos en todas sus jurisdicciones;<\/p>\n<p>No aplica<\/p>\n<p>r) El Banco Central, adicionalmente, publicar\u00e1 los indicadores e informaci\u00f3n relevante de su competencia de modo asequible y de f\u00e1cil comprensi\u00f3n para la poblaci\u00f3n en general;<\/p>\n<p>No aplica<\/p>\n<p>s) Los organismos seccionales, informar\u00e1n oportunamente a la ciudadan\u00eda de las resoluciones que adoptaren, mediante la publicaci\u00f3n de las actas de las respectivas sesiones de estos cuerpos colegiados, as\u00ed como sus planes de desarrollo local; y,\u00a0Actas de las sesiones.<\/p>\n<p>\u2013<\/p>\n<p>t) El Tribunal de lo Contencioso Administrativo, adicionalmente, publicar\u00e1 el texto integro de sus sentencias ejecutoriadas, producidas en todas sus jurisdicciones. La informaci\u00f3n deber\u00e1 ser publicada, organiz\u00e1ndola por temas, items, orden secuencial o cronol\u00f3gico, etc., sin agrupar o generalizar, de tal manera que el ciudadano pueda ser informado correctamente y sin confusiones.<\/p>\n<p>No aplica<\/p>\n<\/div>\n","protected":false},"excerpt":{"rendered":"<p>Ley Organica de Transparencia e Informaci\u00f3n P\u00fablica Art. 7.- Difusi\u00f3n de la Informaci\u00f3n P\u00fablica Por la transparencia en la gesti\u00f3n administrativa que est\u00e1n obligadas a observar todas las instituciones del Estado que conforman el sector p\u00fablico en los t\u00e9rminos del art\u00edculo 118 de la Constituci\u00f3n Pol\u00edtica de la Rep\u00fablica y<\/p>\n","protected":false},"author":1,"featured_media":0,"parent":24,"menu_order":0,"comment_status":"closed","ping_status":"closed","template":"","meta":{"footnotes":""},"class_list":["post-61","page","type-page","status-publish","hentry"],"_links":{"self":[{"href":"https:\/\/conagopares.gob.ec\/index.php?rest_route=\/wp\/v2\/pages\/61","targetHints":{"allow":["GET"]}}],"collection":[{"href":"https:\/\/conagopares.gob.ec\/index.php?rest_route=\/wp\/v2\/pages"}],"about":[{"href":"https:\/\/conagopares.gob.ec\/index.php?rest_route=\/wp\/v2\/types\/page"}],"author":[{"embeddable":true,"href":"https:\/\/conagopares.gob.ec\/index.php?rest_route=\/wp\/v2\/users\/1"}],"replies":[{"embeddable":true,"href":"https:\/\/conagopares.gob.ec\/index.php?rest_route=%2Fwp%2Fv2%2Fcomments&post=61"}],"version-history":[{"count":5,"href":"https:\/\/conagopares.gob.ec\/index.php?rest_route=\/wp\/v2\/pages\/61\/revisions"}],"predecessor-version":[{"id":159,"href":"https:\/\/conagopares.gob.ec\/index.php?rest_route=\/wp\/v2\/pages\/61\/revisions\/159"}],"up":[{"embeddable":true,"href":"https:\/\/conagopares.gob.ec\/index.php?rest_route=\/wp\/v2\/pages\/24"}],"wp:attachment":[{"href":"https:\/\/conagopares.gob.ec\/index.php?rest_route=%2Fwp%2Fv2%2Fmedia&parent=61"}],"curies":[{"name":"wp","href":"https:\/\/api.w.org\/{rel}","templated":true}]}}